emainder when 179 is divided by 13?
10
Calculate the remainder when 596 is divided by 46.
44
Calculate the remainder when 86 is divided by 13.
8
What is the remainder when 535 is divided by 36?
31
Calculate the remainder when 1604 is divided by 14.
8
Calculate the remainder when 6 is divided by 1.
0
What is the remainder when 1039 is divided by 18?
13
What is the remainder when 749 is divided by 110?
89
What is the remainder when 463 is divided by 58?
57
What is the remainder when 1040 is divided by 21?
11
What is the remainder when 145 is divided by 3?
1
Calculate the remainder when 696 is divided by 28.
24
Calculate the remainder when 734 is divided by 16.
14
Calculate the remainder when 175 is divided by 60.
55
What is the remainder when 871 is divided by 178?
159
What is the remainder when 391 is divided by 22?
17
What is the remainder when 474 is divided by 53?
50
Calculate the remainder when 550 is divided by 6.
4
What is the remainder when 460 is divided by 158?
144
What is the remainder when 506 is divided by 8?
2
What is the remainder when 282 is divided by 83?
33
What is the remainder when 29 is divided by 8?
5
Calculate the remainder when 180 is divided by 57.
9
Calculate the remainder when 319 is divided by 64.
63
What is the remainder when 46 is divided by 26?
20
Calculate the remainder when 22998 is divided by 3.
0
What is the remainder when 399 is divided by 194?
11
What is the remainder when 2818 is divided by 31?
28
What is the remainder when 371 is divided by 110?
41
Calculate the remainder when 340 is divided by 31.
30
What is the remainder when 337 is divided by 81?
13
What is the remainder when 222 is divided by 16?
14
What is the remainder when 120 is divided by 46?
28
Calculate the remainder when 53 is divided by 27.
26
Calculate the remainder when 162 is divided by 122.
40
Calculate the remainder when 10608 is divided by 624.
0
What is the remainder when 694 is divided by 47?
36
What is the remainder when 129 is divided by 3?
0
Calculate the remainder when 280 is divided by 58.
48
What is the remainder when 689 is divided by 30?
29
What is the remainder when 49 is divided by 15?
4
What is the remainder when 274 is divided by 175?
99
What is the remainder when 621 is divided by 123?
6
Calculate the remainder when 465 is divided by 117.
114
What is the remainder when 597 is divided by 40?
37
Calculate the remainder when 271 is divided by 49.
26
Calculate the remainder when 1791 is divided by 74.
15
Calculate the remainder when 223 is divided by 15.
13
Calculate the remainder when 858 is divided by 63.
39
Calculate the remainder when 2059 is divided by 59.
53
What is the remainder when 350 is divided by 71?
66
Calculate the remainder when 278 is divided by 62.
30
Calculate the remainder when 249 is divided by 64.
57
Calculate the remainder when 620 is divided by 104.
100
Calculate the remainder when 2979 is divided by 14.
11
What is the remainder when 348 is divided by 17?
8
Calculate the remainder when 4887 is divided by 258.
243
Calculate the remainder when 638 is divided by 28.
22
Calculate the remainder when 2799 is divided by 18.
9
Calculate the remainder when 1349 is divided by 9.
8
What is the remainder when 1245 is divided by 43?
41
What is the remainder when 12179 is divided by 70?
69
Calculate the remainder when 2252 is divided by 17.
8
Calculate the remainder when 331 is divided by 26.
19
Calculate the remainder when 201 is divided by 75.
51
Calculate the remainder when 2769 is divided by 19.
14
What is the remainder when 621 is divided by 26?
23
What is the remainder when 1819 is divided by 96?
91
What is the remainder when 478 is divided by 60?
58
What is the remainder when 96 is divided by 11?
8
Calculate the remainder when 340 is divided by 60.
40
What is the remainder when 29 is divided by 8?
5
Calculate the remainder when 569 is divided by 343.
226
What is the remainder when 644 is divided by 108?
104
What is the remainder when 1646 is divided by 17?
14
Calculate the remainder when 288 is divided by 3.
0
Calculate the remainder when 28 is divided by 3.
1
What is the remainder when 284 is divided by 88?
20
What is the remainder when 216 is divided by 22?
18
Calculate the remainder when 328 is divided by 101.
25
Calculate the remainder when 148 is divided by 5.
3
What is the remainder when 210 is divided by 125?
85
Calculate the remainder when 2346 is divided by 25.
21
What is the remainder when 3916 is divided by 186?
10
What is the remainder when 3105 is divided by 222?
219
Calculate the remainder when 4078 is divided by 31.
17
What is the remainder when 244 is divided by 127?
117
Calculate the remainder when 1631 is divided by 68.
67
Calculate the remainder when 57 is divided by 15.
12
Calculate the remainder when 66 is divided by 64.
2
What is the remainder when 329 is divided by 30?
29
Calculate the remainder when 452 is divided by 147.
11
What is the remainder when 1351 is divided by 124?
111
What is the remainder when 315 is divided by 82?
69
Calculate the remainder when 1232 is divided by 44.
0
What is the remainder when 127 is divided by 38?
13
What is the remainder when 592 is divided by 282?
28
What is the remainder when 484 is divided by 174?
136
What is the remainder when 467 is divided by 43?
37
Calculate the remainder when 7530 is divided by 17.
16
Calculate the remainder when 15 is divided by 12.
3
Calculate the remainder when 748 is divided by 83.
1
What is the remainder when 458 is divided by 92?
90
Calculate the remainder when 669 is divided by 8.
5
What is the remainder when 411 is divided by 355?
56
Calculate the remainder when 3711 is divided by 64.
63
Calculate the remainder when 602 is divided by 180.
62
Calculate the remainder when 1448 is divided by 717.
14
What is the remainder when 119 is divided by 41?
37
What is the remainder when 1311 is divided by 13?
11
What is the remainder when 187 is divided by 173?
14
Calculate the remainder when 615 is divided by 36.
3
What is the remainder when 46 is divided by 13?
7
Calculate the remainder when 2354 is divided by 38.
36
What is the remainder when 941 is divided by 90?
41
Calculate the remainder when 118 is divided by 11.
8
Calculate the remainder when 159 is divided by 52.
3
What is the remainder when 1556 is divided by 82?
80
What is the remainder when 13693 is divided by 64?
61
Calculate the remainder when 55 is divided by 3.
1
Calculate the remainder when 3222 is divided by 8.
6
Calculate the remainder when 594 is divided by 549.
45
Calculate the remainder when 238 is divided by 10.
8
What is the remainder when 572 is divided by 191?
190
Calculate the remainder when 1192 is divided by 96.
40
What is the remainder when 1282 is divided by 318?
10
What is the remainder when 3379 is divided by 38?
35
Calculate the remainder when 19274 is divided by 81.
77
Calculate the remainder when 111 is divided by 23.
19
Calculate the remainder when 1887 is divided by 10.
7
What is the remainder when 108 is divided by 14?
10
What is the remainder when 156 is divided by 79?
77
What is the remainder when 165 is divided by 73?
19
Calculate the remainder when 32 is divided by 25.
7
What is the remainder when 257 is divided by 115?
27
What is the remainder when 1480 is divided by 78?
76
What is the remainder when 122 is divided by 63?
59
Calculate the remainder when 4135 is divided by 24.
7
What is the remainder when 169 is divided by 129?
40
What is the remainder when 4092 is divided by 15?
12
Calculate the remainder when 108 is divided by 102.
6
What is the remainder when 583 is divided by 146?
145
Calculate the remainder when 73 is divided by 29.
15
What is the remainder when 215 is divided by 38?
25
Calculate the remainder when 3423 is divided by 675.
48
What is the remainder when 288 is divided by 73?
69
Calculate the remainder when 154 is divided by 91.
63
What is the remainder when 1870 is divided by 24?
22
Calculate the remainder when 224 is divided by 41.
19
What is the remainder when 560 is divided by 23?
8
What is the remainder when 107 is divided by 43?
21
Calculate the remainder when 15971 is divided by 14.
11
What is the remainder when 598 is divided by 84?
10
What is the remainder when 3716 is divided by 98?
90
Calculate the remainder